{"id":30468,"date":"2023-02-14T09:27:32","date_gmt":"2023-02-14T09:27:32","guid":{"rendered":"http:\/\/www.vivaialvianobonelli.it\/product\/grossa-di-spagna\/"},"modified":"2023-03-15T13:34:36","modified_gmt":"2023-03-15T13:34:36","slug":"grossa-di-spagna","status":"publish","type":"product","link":"https:\/\/www.vivaialvianobonelli.it\/fr\/piante\/grossa-di-spagna\/","title":{"rendered":"Grossa di Spagna"},"content":{"rendered":"<p>Oliva di Cerignola, Olivo di Spagna<\/p>\n<p>(zone d&#8217;origine: PUGLIA)<\/p>\n<p><strong>Arbre : Vari\u00e9t\u00e9 des Pouilles de vigueur moyenne \u00e0 cime contenue mais assez dense ; il a un port expansif et fondamentalement pendant.<\/strong> Les feuilles sont de taille moyenne, elliptiques-lanc\u00e9ol\u00e9es, \u00e9troites avec une surface limit\u00e9e et de couleur vert fonc\u00e9 sur la face sup\u00e9rieure.<\/p>\n<p><strong>Fruit : Destin\u00e9 \u00e0 la table, il a un gros calibre (8-12g) ; sa forme est ellipso\u00efdale allong\u00e9e, asym\u00e9trique avec un sommet sous-conique et une base aplatie.<\/strong> Il est principalement utilis\u00e9 pour la conservation verte. La maturation est pr\u00e9coce et la pulpe a une consistance dure et repr\u00e9sente environ 75% du fruit. Il est \u00e9galement possible d&#8217;obtenir une bonne quantit\u00e9 d&#8217;huile fine (16-19%).<\/p>\n<p><strong>Caract\u00e9ristiques agronomiques<\/strong> : Il a une productivit\u00e9 moyenne \u00e9lev\u00e9e ; il est autost\u00e9rile avec un avortement ovarien qui peut atteindre environ 60 %. <em>Pollinisateurs<\/em> : Maurino, Coratina, Pendolino, Frantoio, Olivastra, Leccino. <em>Mod\u00e9r\u00e9ment r\u00e9sistant aux maladies les plus courantes de l&#8217;olivier.<\/em><\/p>\n<p><strong>Consid\u00e9rations<\/strong> : Elle n\u00e9cessite des sols fertiles et de bons soins de culture ; r\u00e9pond bien \u00e0 la culture irrigu\u00e9e et est un cultivar pr\u00e9cieux pour la taille et la beaut\u00e9 des fruits.<\/p>\n","protected":false},"excerpt":{"rendered":"<p>Oliva di Cerignola, Olivo di Spagna (zone d&#8217;origine: PUGLIA) Arbre : Vari\u00e9t\u00e9 des Pouilles de vigueur moyenne \u00e0 cime contenue mais assez dense ; il a un port expansif et fondamentalement pendant. Les feuilles sont de taille moyenne, elliptiques-lanc\u00e9ol\u00e9es, \u00e9troites avec une surface limit\u00e9e et de couleur vert fonc\u00e9 sur la face sup\u00e9rieure. Fruit : [&hellip;]<\/p>\n","protected":false},"featured_media":30469,"template":"","meta":[],"product_cat":[217,219],"product_tag":[],"class_list":["post-30468","product","type-product","status-publish","has-post-thumbnail","hentry","product_cat-cultivar-fr-2","product_cat-cultivar-de-table"],"yoast_head":"<!-- This site is optimized with the Yoast SEO plugin v26.1 - https:\/\/yoast.com\/wordpress\/plugins\/seo\/ -->\n<title>Grossa di Spagna - Vivai Alviano Bonelli - Cultivar a Pescia<\/title>\n<meta name=\"robots\" content=\"index, follow, max-snippet:-1, max-image-preview:large, max-video-preview:-1\" \/>\n<link rel=\"canonical\" href=\"https:\/\/www.vivaialvianobonelli.it\/fr\/piante\/grossa-di-spagna\/\" \/>\n<meta property=\"og:locale\" content=\"fr_FR\" \/>\n<meta property=\"og:type\" content=\"article\" \/>\n<meta property=\"og:title\" content=\"Grossa di Spagna - Vivai Alviano Bonelli - Cultivar a Pescia\" \/>\n<meta property=\"og:description\" content=\"Oliva di Cerignola, Olivo di Spagna (zone d&#8217;origine: PUGLIA) Arbre : Vari\u00e9t\u00e9 des Pouilles de vigueur moyenne \u00e0 cime contenue mais assez dense ; il a un port expansif et fondamentalement pendant. Les feuilles sont de taille moyenne, elliptiques-lanc\u00e9ol\u00e9es, \u00e9troites avec une surface limit\u00e9e et de couleur vert fonc\u00e9 sur la face sup\u00e9rieure. Fruit : [&hellip;]\" \/>\n<meta property=\"og:url\" content=\"https:\/\/www.vivaialvianobonelli.it\/fr\/piante\/grossa-di-spagna\/\" \/>\n<meta property=\"og:site_name\" content=\"Vivai Alviano Bonelli - Cultivar a Pescia\" \/>\n<meta property=\"article:publisher\" content=\"https:\/\/www.facebook.com\/VivaiBonelli\/\" \/>\n<meta property=\"article:modified_time\" content=\"2023-03-15T13:34:36+00:00\" \/>\n<meta property=\"og:image\" content=\"https:\/\/www.vivaialvianobonelli.it\/wp-content\/uploads\/2023\/02\/nocellaraetnea.jpg\" \/>\n\t<meta property=\"og:image:width\" content=\"200\" \/>\n\t<meta property=\"og:image:height\" content=\"200\" \/>\n\t<meta property=\"og:image:type\" content=\"image\/jpeg\" \/>\n<meta name=\"twitter:card\" content=\"summary_large_image\" \/>\n<meta name=\"twitter:label1\" content=\"Dur\u00e9e de lecture estim\u00e9e\" \/>\n\t<meta name=\"twitter:data1\" content=\"1 minute\" \/>\n<script type=\"application\/ld+json\" class=\"yoast-schema-graph\">{\"@context\":\"https:\/\/schema.org\",\"@graph\":[{\"@type\":\"WebPage\",\"@id\":\"https:\/\/www.vivaialvianobonelli.it\/fr\/piante\/grossa-di-spagna\/\",\"url\":\"https:\/\/www.vivaialvianobonelli.it\/fr\/piante\/grossa-di-spagna\/\",\"name\":\"Grossa di Spagna - Vivai Alviano Bonelli - Cultivar a Pescia\",\"isPartOf\":{\"@id\":\"https:\/\/www.vivaialvianobonelli.it\/fr\/#website\"},\"primaryImageOfPage\":{\"@id\":\"https:\/\/www.vivaialvianobonelli.it\/fr\/piante\/grossa-di-spagna\/#primaryimage\"},\"image\":{\"@id\":\"https:\/\/www.vivaialvianobonelli.it\/fr\/piante\/grossa-di-spagna\/#primaryimage\"},\"thumbnailUrl\":\"https:\/\/www.vivaialvianobonelli.it\/wp-content\/uploads\/2023\/02\/nocellaraetnea.jpg\",\"datePublished\":\"2023-02-14T09:27:32+00:00\",\"dateModified\":\"2023-03-15T13:34:36+00:00\",\"breadcrumb\":{\"@id\":\"https:\/\/www.vivaialvianobonelli.it\/fr\/piante\/grossa-di-spagna\/#breadcrumb\"},\"inLanguage\":\"fr-FR\",\"potentialAction\":[{\"@type\":\"ReadAction\",\"target\":[\"https:\/\/www.vivaialvianobonelli.it\/fr\/piante\/grossa-di-spagna\/\"]}]},{\"@type\":\"ImageObject\",\"inLanguage\":\"fr-FR\",\"@id\":\"https:\/\/www.vivaialvianobonelli.it\/fr\/piante\/grossa-di-spagna\/#primaryimage\",\"url\":\"https:\/\/www.vivaialvianobonelli.it\/wp-content\/uploads\/2023\/02\/nocellaraetnea.jpg\",\"contentUrl\":\"https:\/\/www.vivaialvianobonelli.it\/wp-content\/uploads\/2023\/02\/nocellaraetnea.jpg\",\"width\":200,\"height\":200},{\"@type\":\"BreadcrumbList\",\"@id\":\"https:\/\/www.vivaialvianobonelli.it\/fr\/piante\/grossa-di-spagna\/#breadcrumb\",\"itemListElement\":[{\"@type\":\"ListItem\",\"position\":1,\"name\":\"Home\",\"item\":\"https:\/\/www.vivaialvianobonelli.it\/fr\/\"},{\"@type\":\"ListItem\",\"position\":2,\"name\":\"Prodotti\",\"item\":\"https:\/\/www.vivaialvianobonelli.it\/piante-olivo-da-frutto-ornamentali-pescia\/\"},{\"@type\":\"ListItem\",\"position\":3,\"name\":\"Grossa di Spagna\"}]},{\"@type\":\"WebSite\",\"@id\":\"https:\/\/www.vivaialvianobonelli.it\/fr\/#website\",\"url\":\"https:\/\/www.vivaialvianobonelli.it\/fr\/\",\"name\":\"Vivai Alviano Bonelli - Piante di Olivo a Pescia\",\"description\":\"Olivi, alberi da frutto e piante ornamentali\",\"publisher\":{\"@id\":\"https:\/\/www.vivaialvianobonelli.it\/fr\/#organization\"},\"potentialAction\":[{\"@type\":\"SearchAction\",\"target\":{\"@type\":\"EntryPoint\",\"urlTemplate\":\"https:\/\/www.vivaialvianobonelli.it\/fr\/?s={search_term_string}\"},\"query-input\":{\"@type\":\"PropertyValueSpecification\",\"valueRequired\":true,\"valueName\":\"search_term_string\"}}],\"inLanguage\":\"fr-FR\"},{\"@type\":\"Organization\",\"@id\":\"https:\/\/www.vivaialvianobonelli.it\/fr\/#organization\",\"name\":\"Vivai Alviano Bonelli\",\"url\":\"https:\/\/www.vivaialvianobonelli.it\/fr\/\",\"logo\":{\"@type\":\"ImageObject\",\"inLanguage\":\"fr-FR\",\"@id\":\"https:\/\/www.vivaialvianobonelli.it\/fr\/#\/schema\/logo\/image\/\",\"url\":\"http:\/\/www.vivaialvianobonelli.it\/wp-content\/uploads\/2023\/02\/logo_alviano_bonelli_nero.png\",\"contentUrl\":\"http:\/\/www.vivaialvianobonelli.it\/wp-content\/uploads\/2023\/02\/logo_alviano_bonelli_nero.png\",\"width\":1370,\"height\":411,\"caption\":\"Vivai Alviano Bonelli\"},\"image\":{\"@id\":\"https:\/\/www.vivaialvianobonelli.it\/fr\/#\/schema\/logo\/image\/\"},\"sameAs\":[\"https:\/\/www.facebook.com\/VivaiBonelli\/\"]}]}<\/script>\n<!-- \/ Yoast SEO plugin. -->","yoast_head_json":{"title":"Grossa di Spagna - Vivai Alviano Bonelli - Cultivar a Pescia","robots":{"index":"index","follow":"follow","max-snippet":"max-snippet:-1","max-image-preview":"max-image-preview:large","max-video-preview":"max-video-preview:-1"},"canonical":"https:\/\/www.vivaialvianobonelli.it\/fr\/piante\/grossa-di-spagna\/","og_locale":"fr_FR","og_type":"article","og_title":"Grossa di Spagna - Vivai Alviano Bonelli - Cultivar a Pescia","og_description":"Oliva di Cerignola, Olivo di Spagna (zone d&#8217;origine: PUGLIA) Arbre : Vari\u00e9t\u00e9 des Pouilles de vigueur moyenne \u00e0 cime contenue mais assez dense ; il a un port expansif et fondamentalement pendant. Les feuilles sont de taille moyenne, elliptiques-lanc\u00e9ol\u00e9es, \u00e9troites avec une surface limit\u00e9e et de couleur vert fonc\u00e9 sur la face sup\u00e9rieure. Fruit : [&hellip;]","og_url":"https:\/\/www.vivaialvianobonelli.it\/fr\/piante\/grossa-di-spagna\/","og_site_name":"Vivai Alviano Bonelli - Cultivar a Pescia","article_publisher":"https:\/\/www.facebook.com\/VivaiBonelli\/","article_modified_time":"2023-03-15T13:34:36+00:00","og_image":[{"width":200,"height":200,"url":"https:\/\/www.vivaialvianobonelli.it\/wp-content\/uploads\/2023\/02\/nocellaraetnea.jpg","type":"image\/jpeg"}],"twitter_card":"summary_large_image","twitter_misc":{"Dur\u00e9e de lecture estim\u00e9e":"1 minute"},"schema":{"@context":"https:\/\/schema.org","@graph":[{"@type":"WebPage","@id":"https:\/\/www.vivaialvianobonelli.it\/fr\/piante\/grossa-di-spagna\/","url":"https:\/\/www.vivaialvianobonelli.it\/fr\/piante\/grossa-di-spagna\/","name":"Grossa di Spagna - Vivai Alviano Bonelli - Cultivar a Pescia","isPartOf":{"@id":"https:\/\/www.vivaialvianobonelli.it\/fr\/#website"},"primaryImageOfPage":{"@id":"https:\/\/www.vivaialvianobonelli.it\/fr\/piante\/grossa-di-spagna\/#primaryimage"},"image":{"@id":"https:\/\/www.vivaialvianobonelli.it\/fr\/piante\/grossa-di-spagna\/#primaryimage"},"thumbnailUrl":"https:\/\/www.vivaialvianobonelli.it\/wp-content\/uploads\/2023\/02\/nocellaraetnea.jpg","datePublished":"2023-02-14T09:27:32+00:00","dateModified":"2023-03-15T13:34:36+00:00","breadcrumb":{"@id":"https:\/\/www.vivaialvianobonelli.it\/fr\/piante\/grossa-di-spagna\/#breadcrumb"},"inLanguage":"fr-FR","potentialAction":[{"@type":"ReadAction","target":["https:\/\/www.vivaialvianobonelli.it\/fr\/piante\/grossa-di-spagna\/"]}]},{"@type":"ImageObject","inLanguage":"fr-FR","@id":"https:\/\/www.vivaialvianobonelli.it\/fr\/piante\/grossa-di-spagna\/#primaryimage","url":"https:\/\/www.vivaialvianobonelli.it\/wp-content\/uploads\/2023\/02\/nocellaraetnea.jpg","contentUrl":"https:\/\/www.vivaialvianobonelli.it\/wp-content\/uploads\/2023\/02\/nocellaraetnea.jpg","width":200,"height":200},{"@type":"BreadcrumbList","@id":"https:\/\/www.vivaialvianobonelli.it\/fr\/piante\/grossa-di-spagna\/#breadcrumb","itemListElement":[{"@type":"ListItem","position":1,"name":"Home","item":"https:\/\/www.vivaialvianobonelli.it\/fr\/"},{"@type":"ListItem","position":2,"name":"Prodotti","item":"https:\/\/www.vivaialvianobonelli.it\/piante-olivo-da-frutto-ornamentali-pescia\/"},{"@type":"ListItem","position":3,"name":"Grossa di Spagna"}]},{"@type":"WebSite","@id":"https:\/\/www.vivaialvianobonelli.it\/fr\/#website","url":"https:\/\/www.vivaialvianobonelli.it\/fr\/","name":"Vivai Alviano Bonelli - Piante di Olivo a Pescia","description":"Olivi, alberi da frutto e piante ornamentali","publisher":{"@id":"https:\/\/www.vivaialvianobonelli.it\/fr\/#organization"},"potentialAction":[{"@type":"SearchAction","target":{"@type":"EntryPoint","urlTemplate":"https:\/\/www.vivaialvianobonelli.it\/fr\/?s={search_term_string}"},"query-input":{"@type":"PropertyValueSpecification","valueRequired":true,"valueName":"search_term_string"}}],"inLanguage":"fr-FR"},{"@type":"Organization","@id":"https:\/\/www.vivaialvianobonelli.it\/fr\/#organization","name":"Vivai Alviano Bonelli","url":"https:\/\/www.vivaialvianobonelli.it\/fr\/","logo":{"@type":"ImageObject","inLanguage":"fr-FR","@id":"https:\/\/www.vivaialvianobonelli.it\/fr\/#\/schema\/logo\/image\/","url":"http:\/\/www.vivaialvianobonelli.it\/wp-content\/uploads\/2023\/02\/logo_alviano_bonelli_nero.png","contentUrl":"http:\/\/www.vivaialvianobonelli.it\/wp-content\/uploads\/2023\/02\/logo_alviano_bonelli_nero.png","width":1370,"height":411,"caption":"Vivai Alviano Bonelli"},"image":{"@id":"https:\/\/www.vivaialvianobonelli.it\/fr\/#\/schema\/logo\/image\/"},"sameAs":["https:\/\/www.facebook.com\/VivaiBonelli\/"]}]}},"_links":{"self":[{"href":"https:\/\/www.vivaialvianobonelli.it\/fr\/wp-json\/wp\/v2\/product\/30468","targetHints":{"allow":["GET"]}}],"collection":[{"href":"https:\/\/www.vivaialvianobonelli.it\/fr\/wp-json\/wp\/v2\/product"}],"about":[{"href":"https:\/\/www.vivaialvianobonelli.it\/fr\/wp-json\/wp\/v2\/types\/product"}],"wp:featuredmedia":[{"embeddable":true,"href":"https:\/\/www.vivaialvianobonelli.it\/fr\/wp-json\/wp\/v2\/media\/30469"}],"wp:attachment":[{"href":"https:\/\/www.vivaialvianobonelli.it\/fr\/wp-json\/wp\/v2\/media?parent=30468"}],"wp:term":[{"taxonomy":"product_cat","embeddable":true,"href":"https:\/\/www.vivaialvianobonelli.it\/fr\/wp-json\/wp\/v2\/product_cat?post=30468"},{"taxonomy":"product_tag","embeddable":true,"href":"https:\/\/www.vivaialvianobonelli.it\/fr\/wp-json\/wp\/v2\/product_tag?post=30468"}],"curies":[{"name":"wp","href":"https:\/\/api.w.org\/{rel}","templated":true}]}}

<p>Oliva di Cerignola, Olivo di Spagna</p>
<p>(zone d&#8217;origine: PUGLIA)</p>
<p><strong>Arbre : Variété des Pouilles de vigueur moyenne à cime contenue mais assez dense ; il a un port expansif et fondamentalement pendant.</strong> Les feuilles sont de taille moyenne, elliptiques-lancéolées, étroites avec une surface limitée et de couleur vert foncé sur la face supérieure.</p>
<p><strong>Fruit : Destiné à la table, il a un gros calibre (8-12g) ; sa forme est ellipsoïdale allongée, asymétrique avec un sommet sous-conique et une base aplatie.</strong> Il est principalement utilisé pour la conservation verte. La maturation est précoce et la pulpe a une consistance dure et représente environ 75% du fruit. Il est également possible d&#8217;obtenir une bonne quantité d&#8217;huile fine (16-19%).</p>
<p><strong>Caractéristiques agronomiques</strong> : Il a une productivité moyenne élevée ; il est autostérile avec un avortement ovarien qui peut atteindre environ 60 %. <em>Pollinisateurs</em> : Maurino, Coratina, Pendolino, Frantoio, Olivastra, Leccino. <em>Modérément résistant aux maladies les plus courantes de l&#8217;olivier.</em></p>
<p><strong>Considérations</strong> : Elle nécessite des sols fertiles et de bons soins de culture ; répond bien à la culture irriguée et est un cultivar précieux pour la taille et la beauté des fruits.</p>

<p>Oliva di Cerignola, Olivo di Spagna (zone d&#8217;origine: PUGLIA) Arbre : Variété des Pouilles de vigueur moyenne à cime contenue mais assez dense ; il a un port expansif et fondamentalement pendant. Les feuilles sont de taille moyenne, elliptiques-lancéolées, étroites avec une surface limitée et de couleur vert foncé sur la face supérieure. Fruit : [&hellip;]</p>

<!-- This site is optimized with the Yoast SEO plugin v26.1 - https://yoast.com/wordpress/plugins/seo/ -->
<title>Grossa di Spagna - Vivai Alviano Bonelli - Cultivar a Pescia</title>
<meta name="robots" content="index, follow, max-snippet:-1, max-image-preview:large, max-video-preview:-1" />
<link rel="canonical" href="https://www.vivaialvianobonelli.it/fr/piante/grossa-di-spagna/" />
<meta property="og:locale" content="fr_FR" />
<meta property="og:type" content="article" />
<meta property="og:title" content="Grossa di Spagna - Vivai Alviano Bonelli - Cultivar a Pescia" />
<meta property="og:description" content="Oliva di Cerignola, Olivo di Spagna (zone d&#8217;origine: PUGLIA) Arbre : Variété des Pouilles de vigueur moyenne à cime contenue mais assez dense ; il a un port expansif et fondamentalement pendant. Les feuilles sont de taille moyenne, elliptiques-lancéolées, étroites avec une surface limitée et de couleur vert foncé sur la face supérieure. Fruit : [&hellip;]" />
<meta property="og:url" content="https://www.vivaialvianobonelli.it/fr/piante/grossa-di-spagna/" />
<meta property="og:site_name" content="Vivai Alviano Bonelli - Cultivar a Pescia" />
<meta property="article:publisher" content="https://www.facebook.com/VivaiBonelli/" />
<meta property="article:modified_time" content="2023-03-15T13:34:36+00:00" />
<meta property="og:image" content="https://www.vivaialvianobonelli.it/wp-content/uploads/2023/02/nocellaraetnea.jpg" />
	<meta property="og:image:width" content="200" />
	<meta property="og:image:height" content="200" />
	<meta property="og:image:type" content="image/jpeg" />
<meta name="twitter:card" content="summary_large_image" />
<meta name="twitter:label1" content="Durée de lecture estimée" />
	<meta name="twitter:data1" content="1 minute" />
<script type="application/ld+json" class="yoast-schema-graph">{"@context":"https://schema.org","@graph":[{"@type":"WebPage","@id":"https://www.vivaialvianobonelli.it/fr/piante/grossa-di-spagna/","url":"https://www.vivaialvianobonelli.it/fr/piante/grossa-di-spagna/","name":"Grossa di Spagna - Vivai Alviano Bonelli - Cultivar a Pescia","isPartOf":{"@id":"https://www.vivaialvianobonelli.it/fr/#website"},"primaryImageOfPage":{"@id":"https://www.vivaialvianobonelli.it/fr/piante/grossa-di-spagna/#primaryimage"},"image":{"@id":"https://www.vivaialvianobonelli.it/fr/piante/grossa-di-spagna/#primaryimage"},"thumbnailUrl":"https://www.vivaialvianobonelli.it/wp-content/uploads/2023/02/nocellaraetnea.jpg","datePublished":"2023-02-14T09:27:32+00:00","dateModified":"2023-03-15T13:34:36+00:00","breadcrumb":{"@id":"https://www.vivaialvianobonelli.it/fr/piante/grossa-di-spagna/#breadcrumb"},"inLanguage":"fr-FR","potentialAction":[{"@type":"ReadAction","target":["https://www.vivaialvianobonelli.it/fr/piante/grossa-di-spagna/"]}]},{"@type":"ImageObject","inLanguage":"fr-FR","@id":"https://www.vivaialvianobonelli.it/fr/piante/grossa-di-spagna/#primaryimage","url":"https://www.vivaialvianobonelli.it/wp-content/uploads/2023/02/nocellaraetnea.jpg","contentUrl":"https://www.vivaialvianobonelli.it/wp-content/uploads/2023/02/nocellaraetnea.jpg","width":200,"height":200},{"@type":"BreadcrumbList","@id":"https://www.vivaialvianobonelli.it/fr/piante/grossa-di-spagna/#breadcrumb","itemListElement":[{"@type":"ListItem","position":1,"name":"Home","item":"https://www.vivaialvianobonelli.it/fr/"},{"@type":"ListItem","position":2,"name":"Prodotti","item":"https://www.vivaialvianobonelli.it/piante-olivo-da-frutto-ornamentali-pescia/"},{"@type":"ListItem","position":3,"name":"Grossa di Spagna"}]},{"@type":"WebSite","@id":"https://www.vivaialvianobonelli.it/fr/#website","url":"https://www.vivaialvianobonelli.it/fr/","name":"Vivai Alviano Bonelli - Piante di Olivo a Pescia","description":"Olivi, alberi da frutto e piante ornamentali","publisher":{"@id":"https://www.vivaialvianobonelli.it/fr/#organization"},"potentialAction":[{"@type":"SearchAction","target":{"@type":"EntryPoint","urlTemplate":"https://www.vivaialvianobonelli.it/fr/?s={search_term_string}"},"query-input":{"@type":"PropertyValueSpecification","valueRequired":true,"valueName":"search_term_string"}}],"inLanguage":"fr-FR"},{"@type":"Organization","@id":"https://www.vivaialvianobonelli.it/fr/#organization","name":"Vivai Alviano Bonelli","url":"https://www.vivaialvianobonelli.it/fr/","logo":{"@type":"ImageObject","inLanguage":"fr-FR","@id":"https://www.vivaialvianobonelli.it/fr/#/schema/logo/image/","url":"http://www.vivaialvianobonelli.it/wp-content/uploads/2023/02/logo_alviano_bonelli_nero.png","contentUrl":"http://www.vivaialvianobonelli.it/wp-content/uploads/2023/02/logo_alviano_bonelli_nero.png","width":1370,"height":411,"caption":"Vivai Alviano Bonelli"},"image":{"@id":"https://www.vivaialvianobonelli.it/fr/#/schema/logo/image/"},"sameAs":["https://www.facebook.com/VivaiBonelli/"]}]}</script>
<!-- / Yoast SEO plugin. -->

Oliva di Cerignola, Olivo di Spagna (zone d&#8217;origine: PUGLIA) Arbre : Variété des Pouilles de vigueur moyenne à cime contenue mais assez dense ; il a un port expansif et fondamentalement pendant. Les feuilles sont de taille moyenne, elliptiques-lancéolées, étroites avec une surface limitée et de couleur vert foncé sur la face supérieure. Fruit : [&hellip;]
